{"id":161,"date":"2015-12-11T20:56:36","date_gmt":"2015-12-11T19:56:36","guid":{"rendered":"http:\/\/decodage-bioenergetique.com\/?page_id=161"},"modified":"2020-05-02T10:41:53","modified_gmt":"2020-05-02T09:41:53","slug":"intro-dbe","status":"publish","type":"page","link":"https:\/\/decodage-bioenergetique.com\/index.php\/intro-dbe\/","title":{"rendered":"Qu\u2019est-ce que le d\u00e9codage bio\u00e9nerg\u00e9tique"},"content":{"rendered":"<h1>Qu\u2019est-ce que le d\u00e9codage bio\u00e9nerg\u00e9tique \u00ae<\/h1>\n<p>Le d\u00e9codage bio\u00e9nerg\u00e9tique comprend un ensemble de m\u00e9thodes et d&rsquo;approches du vivant qui permettent d\u2019\u00e9tablir pour une personne la relation entre les difficult\u00e9s v\u00e9cues dans le pr\u00e9sent et ce qui ne lui appartient pas directement. Ses\u00a0outils sp\u00e9cifiques vont\u00a0\u00a0mettre en \u00e9vidence\u00a0les liens avec le transg\u00e9n\u00e9rationnel \u00a0(c&rsquo;est-\u00e0-dire ce qui nous vient de l&rsquo;arbre familial) et \u00a0ce qui se situe hors du temps, trouvant son explication dans des incarnations ant\u00e9rieures.<\/p>\n<p class=\"text\"><strong>et\u00a0\u00e7a sert \u00e0 quoi<br \/>\n<\/strong>L\u2019int\u00e9r\u00eat du d\u00e9codage bio\u00e9nerg\u00e9tique r\u00e9side dans la possibilit\u00e9 de d\u00e9nouer les probl\u00e9matiques identifi\u00e9es et d\u2019obtenir un r\u00e9sultat imm\u00e9diat,\u00a0permettant \u00e0 la personne ainsi lib\u00e9r\u00e9e \u2018un saut quantique\u2019 dans son \u00e9volution personnelle et\u00a0de g\u00e9n\u00e9rer un mieux \u00eatre appr\u00e9ciable et mesurable. \u00a0La personne sera ainsi plus \u00e0 m\u00eame\u00a0de manifester librement l&rsquo;expression de son \u00eatre v\u00e9ritable.<\/p>\n<p class=\"text\"><strong>Exp\u00e9rience accumul\u00e9e sur deux\u00a0mille\u00a0s\u00e9ances<br \/>\n<\/strong>Les outils du d\u00e9codage bio\u00e9nerg\u00e9tique ont fait leurs preuves. D&rsquo;innombrables retours et t\u00e9moignages l&rsquo;attestent.<\/p>\n<p class=\"text\"><strong><span class=\"subtitle\">Qui dit &lsquo;d\u00e9codage&rsquo; dit &lsquo;logique&rsquo;<br \/>\n<\/span><\/strong>On ne saurait d\u00e9coder ce qui n&rsquo;est pas logique. C&rsquo;est ainsi que le d\u00e9codage bio\u00e9nerg\u00e9tique vise \u00e0 saisir la nature et la logique qui se cache derri\u00e8re les divers ph\u00e9nom\u00e8nes bio\u00e9nerg\u00e9tiques, leur origine et leur raison d&rsquo;\u00eatre. Il s&rsquo;agit \u00e9galement de comprendre les effets qu&rsquo;ils produisent et de les mettre en lien avec ce que vit la personne.<\/p>\n<p class=\"text\">Les ph\u00e9nom\u00e8nes adress\u00e9s par le d\u00e9codage bio\u00e9nerg\u00e9tique sont de nature astrale, \u00e9th\u00e9rique et mentale, La plupart d&rsquo;entre eux trouvent leur origine dans le pass\u00e9. La d\u00e9tection fait appel \u00e0 la sensibilit\u00e9 du &lsquo;d\u00e9codeur&rsquo;, \u00e0 ses diverses facult\u00e9s de perception extra- et intra- sensorielles. Les ph\u00e9nom\u00e8nes, rendus apparents par des techniques sp\u00e9cifiques, sont d\u00e9crits sur les autres pages du site, il s&rsquo;agit notamment des de l&rsquo;h\u00e9ritage familial se pr\u00e9sentant sous formes d&rsquo;arch\u00e9types transg\u00e9n\u00e9rationnels, les traumatismes dans cette vie ou dans d&rsquo;autres vies et\u00a0les th\u00e9matiques d&rsquo;ordre karmiques. \u00a0A tout moment les observations sont exprim\u00e9es comme des hypoth\u00e8ses pour\u00a0\u00eatre mis en\u00a0lien avec ce qui vit la personne.<\/p>\n<p class=\"text\"><strong><span class=\"subtitle\">D\u00e9roulement d&rsquo;une s\u00e9ance type<br \/>\n<\/span><\/strong>Le d\u00e9roulement d&rsquo;une s\u00e9ance n&rsquo;a pas cess\u00e9 d&rsquo;\u00e9voluer depuis plusieurs ann\u00e9es, et \u00e9voluera encore. Dans sa version actuelle, la\u00a0s\u00e9ance commence par l&rsquo;identification d&rsquo;une s\u00e9quence de vie ant\u00e9rieure traumatique en relation avec la probl\u00e9matique \u00e0 r\u00e9soudre.\u00a0 Elle se poursuit par l\u2019identification des deux th\u00e8mes ou activateurs (parmi un choix de 150 th\u00e8mes) qui vont servir \u00e0 d\u00e9nouer et \u00e0 comprendre. \u00a0Le premier des\u00a0activateurs permet de d\u00e9nouer la th\u00e9matique karmique, le second\u00a0permet de de d\u00e9nouer le traumatisme \u00e9voqu\u00e9 en d\u00e9but de s\u00e9ance.\u00a0 Je m&rsquo;applique \u00e0 rendre \u00e9vident la relation qu&rsquo;il y a entre l&rsquo;apprentissage d&rsquo;ordre karmique, le traumatisme subs\u00e9quent et la vie pr\u00e9sente. \u00a0Lib\u00e9rer une th\u00e9matique karmique et son traumatisme associ\u00e9 permet un changement imm\u00e9diat et durable.<\/p>\n<h4><\/h4>\n<p><strong>Le d\u00e9codage bio\u00e9nerg\u00e9tique est une marque enregistr\u00e9e \u00e0 l&rsquo;INPI<\/strong><\/p>\n","protected":false},"excerpt":{"rendered":"<p>Qu\u2019est-ce que le d\u00e9codage bio\u00e9nerg\u00e9tique \u00ae Le d\u00e9codage bio\u00e9nerg\u00e9tique comprend un ensemble de m\u00e9thodes et d&rsquo;approches du vivant qui permettent d\u2019\u00e9tablir pour une personne la relation entre les difficult\u00e9s v\u00e9cues dans le pr\u00e9sent et ce qui ne lui appartient pas<\/p>\n","protected":false},"author":15,"featured_media":0,"parent":0,"menu_order":0,"comment_status":"closed","ping_status":"closed","template":"","meta":[],"yoast_head":"<!-- This site is optimized with the Yoast SEO plugin v19.13 - https:\/\/yoast.com\/wordpress\/plugins\/seo\/ -->\n<title>Qu\u2019est-ce que le d\u00e9codage bio\u00e9nerg\u00e9tique - decodage-bioenergetique.com<\/title>\n<meta name=\"robots\" content=\"index, follow, max-snippet:-1, max-image-preview:large, max-video-preview:-1\" \/>\n<link rel=\"canonical\" href=\"https:\/\/decodage-bioenergetique.com\/index.php\/intro-dbe\/\" \/>\n<meta property=\"og:locale\" content=\"fr_FR\" \/>\n<meta property=\"og:type\" content=\"article\" \/>\n<meta property=\"og:title\" content=\"Qu\u2019est-ce que le d\u00e9codage bio\u00e9nerg\u00e9tique - decodage-bioenergetique.com\" \/>\n<meta property=\"og:description\" content=\"Qu\u2019est-ce que le d\u00e9codage bio\u00e9nerg\u00e9tique \u00ae Le d\u00e9codage bio\u00e9nerg\u00e9tique comprend un ensemble de m\u00e9thodes et d&rsquo;approches du vivant qui permettent d\u2019\u00e9tablir pour une personne la relation entre les difficult\u00e9s v\u00e9cues dans le pr\u00e9sent et ce qui ne lui appartient pas\" \/>\n<meta property=\"og:url\" content=\"https:\/\/decodage-bioenergetique.com\/index.php\/intro-dbe\/\" \/>\n<meta property=\"og:site_name\" content=\"decodage-bioenergetique.com\" \/>\n<meta property=\"article:modified_time\" content=\"2020-05-02T09:41:53+00:00\" \/>\n<meta name=\"twitter:card\" content=\"summary_large_image\" \/>\n<meta name=\"twitter:label1\" content=\"Dur\u00e9e de lecture estim\u00e9e\" \/>\n\t<meta name=\"twitter:data1\" content=\"3 minutes\" \/>\n<script type=\"application\/ld+json\" class=\"yoast-schema-graph\">{\"@context\":\"https:\/\/schema.org\",\"@graph\":[{\"@type\":\"WebPage\",\"@id\":\"https:\/\/decodage-bioenergetique.com\/index.php\/intro-dbe\/\",\"url\":\"https:\/\/decodage-bioenergetique.com\/index.php\/intro-dbe\/\",\"name\":\"Qu\u2019est-ce que le d\u00e9codage bio\u00e9nerg\u00e9tique - decodage-bioenergetique.com\",\"isPartOf\":{\"@id\":\"https:\/\/decodage-bioenergetique.com\/#website\"},\"datePublished\":\"2015-12-11T19:56:36+00:00\",\"dateModified\":\"2020-05-02T09:41:53+00:00\",\"breadcrumb\":{\"@id\":\"https:\/\/decodage-bioenergetique.com\/index.php\/intro-dbe\/#breadcrumb\"},\"inLanguage\":\"fr-FR\",\"potentialAction\":[{\"@type\":\"ReadAction\",\"target\":[\"https:\/\/decodage-bioenergetique.com\/index.php\/intro-dbe\/\"]}]},{\"@type\":\"BreadcrumbList\",\"@id\":\"https:\/\/decodage-bioenergetique.com\/index.php\/intro-dbe\/#breadcrumb\",\"itemListElement\":[{\"@type\":\"ListItem\",\"position\":1,\"name\":\"Accueil\",\"item\":\"https:\/\/decodage-bioenergetique.com\/\"},{\"@type\":\"ListItem\",\"position\":2,\"name\":\"Qu\u2019est-ce que le d\u00e9codage bio\u00e9nerg\u00e9tique\"}]},{\"@type\":\"WebSite\",\"@id\":\"https:\/\/decodage-bioenergetique.com\/#website\",\"url\":\"https:\/\/decodage-bioenergetique.com\/\",\"name\":\"decodage-bioenergetique.com\",\"description\":\"\",\"potentialAction\":[{\"@type\":\"SearchAction\",\"target\":{\"@type\":\"EntryPoint\",\"urlTemplate\":\"https:\/\/decodage-bioenergetique.com\/?s={search_term_string}\"},\"query-input\":\"required name=search_term_string\"}],\"inLanguage\":\"fr-FR\"}]}<\/script>\n<!-- \/ Yoast SEO plugin. -->","yoast_head_json":{"title":"Qu\u2019est-ce que le d\u00e9codage bio\u00e9nerg\u00e9tique - decodage-bioenergetique.com","robots":{"index":"index","follow":"follow","max-snippet":"max-snippet:-1","max-image-preview":"max-image-preview:large","max-video-preview":"max-video-preview:-1"},"canonical":"https:\/\/decodage-bioenergetique.com\/index.php\/intro-dbe\/","og_locale":"fr_FR","og_type":"article","og_title":"Qu\u2019est-ce que le d\u00e9codage bio\u00e9nerg\u00e9tique - decodage-bioenergetique.com","og_description":"Qu\u2019est-ce que le d\u00e9codage bio\u00e9nerg\u00e9tique \u00ae Le d\u00e9codage bio\u00e9nerg\u00e9tique comprend un ensemble de m\u00e9thodes et d&rsquo;approches du vivant qui permettent d\u2019\u00e9tablir pour une personne la relation entre les difficult\u00e9s v\u00e9cues dans le pr\u00e9sent et ce qui ne lui appartient pas","og_url":"https:\/\/decodage-bioenergetique.com\/index.php\/intro-dbe\/","og_site_name":"decodage-bioenergetique.com","article_modified_time":"2020-05-02T09:41:53+00:00","twitter_card":"summary_large_image","twitter_misc":{"Dur\u00e9e de lecture estim\u00e9e":"3 minutes"},"schema":{"@context":"https:\/\/schema.org","@graph":[{"@type":"WebPage","@id":"https:\/\/decodage-bioenergetique.com\/index.php\/intro-dbe\/","url":"https:\/\/decodage-bioenergetique.com\/index.php\/intro-dbe\/","name":"Qu\u2019est-ce que le d\u00e9codage bio\u00e9nerg\u00e9tique - decodage-bioenergetique.com","isPartOf":{"@id":"https:\/\/decodage-bioenergetique.com\/#website"},"datePublished":"2015-12-11T19:56:36+00:00","dateModified":"2020-05-02T09:41:53+00:00","breadcrumb":{"@id":"https:\/\/decodage-bioenergetique.com\/index.php\/intro-dbe\/#breadcrumb"},"inLanguage":"fr-FR","potentialAction":[{"@type":"ReadAction","target":["https:\/\/decodage-bioenergetique.com\/index.php\/intro-dbe\/"]}]},{"@type":"BreadcrumbList","@id":"https:\/\/decodage-bioenergetique.com\/index.php\/intro-dbe\/#breadcrumb","itemListElement":[{"@type":"ListItem","position":1,"name":"Accueil","item":"https:\/\/decodage-bioenergetique.com\/"},{"@type":"ListItem","position":2,"name":"Qu\u2019est-ce que le d\u00e9codage bio\u00e9nerg\u00e9tique"}]},{"@type":"WebSite","@id":"https:\/\/decodage-bioenergetique.com\/#website","url":"https:\/\/decodage-bioenergetique.com\/","name":"decodage-bioenergetique.com","description":"","potentialAction":[{"@type":"SearchAction","target":{"@type":"EntryPoint","urlTemplate":"https:\/\/decodage-bioenergetique.com\/?s={search_term_string}"},"query-input":"required name=search_term_string"}],"inLanguage":"fr-FR"}]}},"_links":{"self":[{"href":"https:\/\/decodage-bioenergetique.com\/index.php\/wp-json\/wp\/v2\/pages\/161"}],"collection":[{"href":"https:\/\/decodage-bioenergetique.com\/index.php\/wp-json\/wp\/v2\/pages"}],"about":[{"href":"https:\/\/decodage-bioenergetique.com\/index.php\/wp-json\/wp\/v2\/types\/page"}],"author":[{"embeddable":true,"href":"https:\/\/decodage-bioenergetique.com\/index.php\/wp-json\/wp\/v2\/users\/15"}],"replies":[{"embeddable":true,"href":"https:\/\/decodage-bioenergetique.com\/index.php\/wp-json\/wp\/v2\/comments?post=161"}],"version-history":[{"count":0,"href":"https:\/\/decodage-bioenergetique.com\/index.php\/wp-json\/wp\/v2\/pages\/161\/revisions"}],"wp:attachment":[{"href":"https:\/\/decodage-bioenergetique.com\/index.php\/wp-json\/wp\/v2\/media?parent=161"}],"curies":[{"name":"wp","href":"https:\/\/api.w.org\/{rel}","templated":true}]}}