{"id":62,"date":"2015-12-09T13:41:23","date_gmt":"2015-12-09T12:41:23","guid":{"rendered":"http:\/\/decodage-bioenergetique.com\/?page_id=62"},"modified":"2024-04-26T08:02:20","modified_gmt":"2024-04-26T07:02:20","slug":"accueil","status":"publish","type":"page","link":"https:\/\/decodage-bioenergetique.com\/","title":{"rendered":"Accueil"},"content":{"rendered":"<style>\n.fond_vert {\nbackground-color: darkkhaki;}\n.blanc{\ncolor: white;}\na:hover {\nbackground-color:#FFFF99;\ncolor:#FF0000;}\n<\/style>\n<h3>ACCUEIL<\/h3>\n<table border=\"0\" width=\"100%\">\n<tbody>\n<!-- ------------------------------------------------ --><\/p>\n<tr>\n<td width=\"25%\"><img src=\"https:\/\/decodage-bioenergetique.com\/wp-content\/uploads\/2024\/04\/thumb_actuel.jpg\" alt=\"actuel\" \/>\n<\/td>\n<td width=\"5\"><\/td>\n<td>\n<b>Conf\u00e9rence, Jeudi 23 Mai, 19h30 au CPS \u00e0 Colombier (NE)<\/b><\/p>\n<h4>Le Burnout<\/strong><\/h4>\n<p><b>comment ne pas tomber dedans &#8211; comment en sortir<\/b><\/p>\n<div class=\"fond_vert\">\n<b><a href=\"https:\/\/cpsinfo.ch\/index.php\/conferences\/\" class=\"blanc\">+ d&rsquo;infos sur le site du centre pr\u00e9vention et sant\u00e9 CPS<\/a><\/b><\/p>\n<\/td>\n<\/tr>\n<p><!-- ------------------------------------------------ --><\/p>\n<tr>\n<td width=\"25%\"><img src=\"https:\/\/decodage-bioenergetique.com\/wp-content\/uploads\/2023\/12\/thumb_dbe_2024.jpg\" alt=\"dbe24\" \/>\n<\/td>\n<td width=\"5\"><\/td>\n<td>\n<b>>Le d\u00e9codage bio\u00e9nerg\u00e9tique en 2024<\/strong><\/h5>\n<div class=\"Popbutton\"><button class=\"popmake-8305\"><b>Quoi de neuf ?<\/b><\/button><\/div>\n<\/td>\n<\/tr>\n<p><!-- ------------------------------------------------ --><\/p>\n<tr style=\"background-color:#E8E8E8;\">\n<td width=\"25%\"><img src=\"https:\/\/decodage-bioenergetique.com\/wp-content\/uploads\/2020\/02\/anv.jpg\" alt=\"ANV\" \/>\n<\/td>\n<td width=\"5\"><\/td>\n<td>\n<b>Conf\u00e9rences et ateliers aupr\u00e8s de l&rsquo;Acad\u00e9mie Nouvelle Vie \u00ab\u00a0<\/strong><\/b><\/p>\n<div class=\"fond_vert\">\n<b><a href=\"https:\/\/decodage-bioenergetique.com\/index.php\/conferences-ateliers-anv\/\" class=\"blanc\" >Liste compl\u00e8te des replays<\/a><\/b><\/p>\n<\/td>\n<\/tr>\n<p><!-- ------------------------------------------------ --><\/p>\n<tr>\n<td width=\"25%\"><img src=\"https:\/\/decodage-bioenergetique.com\/wp-content\/uploads\/2020\/02\/anv.jpg\" alt=\"ANV\" \/>\n<\/td>\n<td width=\"5\"><\/td>\n<td>\n<b>Burnout: Webinaire le 12 septembre 2024<\/b><br \/>\ncomment ne pas tomber dedans &#8211; comment en sortir<\/p>\n<div class=\"fond_vert\">\n<b><a href=\"https:\/\/acces.academienouvellevie.com\/comprendre-la-depression-et-en-sortir\/?aff=anv&#038;cpg=jnsg8m8u\" class=\"blanc\">+ d&rsquo;info et inscription <\/a><\/b><\/p>\n<\/td>\n<\/tr>\n<p><!-- ------------------------------------------------ --><\/p>\n<tr style=\"background-color:#E8E8E8;\">\n<td width=\"25%\"><img src=\"https:\/\/decodage-bioenergetique.com\/wp-content\/uploads\/2023\/12\/thumb_depression.jpg\" alt=\"depression\" \/>\n<\/td>\n<td width=\"5\"><\/td>\n<td>\n<b><strong>BLOG: La d\u00e9pression et le septi\u00e8me chakra <\/strong><\/b><br \/>\nn regard \u00e9nerg\u00e9tique sur un soi-disant d\u00e9r\u00e8glement des neurotransmetteurs &#8230; <\/b><\/p>\n<div class=\"fond_vert\">\n<b><a href=\"https:\/\/decodage-bioenergetique.com\/index.php\/2023\/12\/30\/depression-et-septieme-chakra\/\" class=\"blanc\">lire la suite<\/a><\/b><\/p>\n<\/td>\n<\/tr>\n<p><!-- ------------------------------------------------ --><\/p>\n<tr>\n<td width=\"30%\"><img src=\"https:\/\/decodage-bioenergetique.com\/wp-content\/uploads\/2019\/09\/thumb_lesextrasens.jpg\" alt=\"les extrasensibles\"><\/td>\n<td width=\"5\"><\/td>\n<td>\n<b><strong>La communaut\u00e9 des extrasensibles<\/strong><\/b><br \/>\nPour les personnes sensibles qui d\u00e9sirent en faire quelque chose !<\/p>\n<div class=\"fond_vert\">\n<b><a href=\"https:\/\/lesextrasensibles.com\/\" class=\"blanc\">aller sur le site<\/a><\/b>\n<\/td>\n<\/tr>\n<p><!-- ------------------------------------------------ --><\/p>\n<tr style=\"background-color:#E8E8E8;\">\n<td width=\"30%\"><img src=\"https:\/\/decodage-bioenergetique.com\/wp-content\/uploads\/2020\/02\/tag_filrouge.jpg\"<\/td>\n<td width=\"5\"><\/td>\n<td>\n<b>La lecture du fil rouge<\/b><br \/>\nA la recherche de la la logique de l&rsquo;\u00e2me et le sens \u00e0 nos incarnations ant\u00e9rieures<\/p>\n<div class=\"fond_vert\">\n<b><a href=\"https:\/\/decodage-bioenergetique.com\/index.php\/le-fil-rouge\/\" class=\"blanc\">+ d&rsquo;info<\/a><\/b>\n<\/td>\n<\/tr>\n<p><!-- ------------------------------------------------ --><br \/>\n<\/tbody>\n<\/table>\n","protected":false},"excerpt":{"rendered":"<p>ACCUEIL Conf\u00e9rence, Jeudi 23 Mai, 19h30 au CPS \u00e0 Colombier (NE) Le Burnout comment ne pas tomber dedans &#8211; comment en sortir + d&rsquo;infos sur le site du centre pr\u00e9vention et sant\u00e9 CPS >Le d\u00e9codage bio\u00e9nerg\u00e9tique en 2024 Quoi de<\/p>\n","protected":false},"author":15,"featured_media":0,"parent":0,"menu_order":0,"comment_status":"closed","ping_status":"closed","template":"","meta":[],"yoast_head":"<!-- This site is optimized with the Yoast SEO plugin v19.13 - https:\/\/yoast.com\/wordpress\/plugins\/seo\/ -->\n<title>Accueil - decodage-bioenergetique.com<\/title>\n<meta name=\"robots\" content=\"index, follow, max-snippet:-1, max-image-preview:large, max-video-preview:-1\" \/>\n<link rel=\"canonical\" href=\"https:\/\/decodage-bioenergetique.com\/\" \/>\n<meta property=\"og:locale\" content=\"fr_FR\" \/>\n<meta property=\"og:type\" content=\"article\" \/>\n<meta property=\"og:title\" content=\"Accueil - decodage-bioenergetique.com\" \/>\n<meta property=\"og:description\" content=\"ACCUEIL Conf\u00e9rence, Jeudi 23 Mai, 19h30 au CPS \u00e0 Colombier (NE) Le Burnout comment ne pas tomber dedans &#8211; comment en sortir + d&rsquo;infos sur le site du centre pr\u00e9vention et sant\u00e9 CPS &gt;Le d\u00e9codage bio\u00e9nerg\u00e9tique en 2024 Quoi de\" \/>\n<meta property=\"og:url\" content=\"https:\/\/decodage-bioenergetique.com\/\" \/>\n<meta property=\"og:site_name\" content=\"decodage-bioenergetique.com\" \/>\n<meta property=\"article:modified_time\" content=\"2024-04-26T07:02:20+00:00\" \/>\n<meta property=\"og:image\" content=\"https:\/\/decodage-bioenergetique.com\/wp-content\/uploads\/2024\/04\/thumb_actuel.jpg\" \/>\n<meta name=\"twitter:card\" content=\"summary_large_image\" \/>\n<meta name=\"twitter:label1\" content=\"Dur\u00e9e de lecture estim\u00e9e\" \/>\n\t<meta name=\"twitter:data1\" content=\"3 minutes\" \/>\n<script type=\"application\/ld+json\" class=\"yoast-schema-graph\">{\"@context\":\"https:\/\/schema.org\",\"@graph\":[{\"@type\":\"WebPage\",\"@id\":\"https:\/\/decodage-bioenergetique.com\/\",\"url\":\"https:\/\/decodage-bioenergetique.com\/\",\"name\":\"Accueil - decodage-bioenergetique.com\",\"isPartOf\":{\"@id\":\"https:\/\/decodage-bioenergetique.com\/#website\"},\"datePublished\":\"2015-12-09T12:41:23+00:00\",\"dateModified\":\"2024-04-26T07:02:20+00:00\",\"breadcrumb\":{\"@id\":\"https:\/\/decodage-bioenergetique.com\/#breadcrumb\"},\"inLanguage\":\"fr-FR\",\"potentialAction\":[{\"@type\":\"ReadAction\",\"target\":[\"https:\/\/decodage-bioenergetique.com\/\"]}]},{\"@type\":\"BreadcrumbList\",\"@id\":\"https:\/\/decodage-bioenergetique.com\/#breadcrumb\",\"itemListElement\":[{\"@type\":\"ListItem\",\"position\":1,\"name\":\"Accueil\",\"item\":\"https:\/\/decodage-bioenergetique.com\/\"},{\"@type\":\"ListItem\",\"position\":2,\"name\":\"Accueil\"}]},{\"@type\":\"WebSite\",\"@id\":\"https:\/\/decodage-bioenergetique.com\/#website\",\"url\":\"https:\/\/decodage-bioenergetique.com\/\",\"name\":\"decodage-bioenergetique.com\",\"description\":\"\",\"potentialAction\":[{\"@type\":\"SearchAction\",\"target\":{\"@type\":\"EntryPoint\",\"urlTemplate\":\"https:\/\/decodage-bioenergetique.com\/?s={search_term_string}\"},\"query-input\":\"required name=search_term_string\"}],\"inLanguage\":\"fr-FR\"}]}<\/script>\n<!-- \/ Yoast SEO plugin. -->","yoast_head_json":{"title":"Accueil - decodage-bioenergetique.com","robots":{"index":"index","follow":"follow","max-snippet":"max-snippet:-1","max-image-preview":"max-image-preview:large","max-video-preview":"max-video-preview:-1"},"canonical":"https:\/\/decodage-bioenergetique.com\/","og_locale":"fr_FR","og_type":"article","og_title":"Accueil - decodage-bioenergetique.com","og_description":"ACCUEIL Conf\u00e9rence, Jeudi 23 Mai, 19h30 au CPS \u00e0 Colombier (NE) Le Burnout comment ne pas tomber dedans &#8211; comment en sortir + d&rsquo;infos sur le site du centre pr\u00e9vention et sant\u00e9 CPS >Le d\u00e9codage bio\u00e9nerg\u00e9tique en 2024 Quoi de","og_url":"https:\/\/decodage-bioenergetique.com\/","og_site_name":"decodage-bioenergetique.com","article_modified_time":"2024-04-26T07:02:20+00:00","og_image":[{"url":"https:\/\/decodage-bioenergetique.com\/wp-content\/uploads\/2024\/04\/thumb_actuel.jpg"}],"twitter_card":"summary_large_image","twitter_misc":{"Dur\u00e9e de lecture estim\u00e9e":"3 minutes"},"schema":{"@context":"https:\/\/schema.org","@graph":[{"@type":"WebPage","@id":"https:\/\/decodage-bioenergetique.com\/","url":"https:\/\/decodage-bioenergetique.com\/","name":"Accueil - decodage-bioenergetique.com","isPartOf":{"@id":"https:\/\/decodage-bioenergetique.com\/#website"},"datePublished":"2015-12-09T12:41:23+00:00","dateModified":"2024-04-26T07:02:20+00:00","breadcrumb":{"@id":"https:\/\/decodage-bioenergetique.com\/#breadcrumb"},"inLanguage":"fr-FR","potentialAction":[{"@type":"ReadAction","target":["https:\/\/decodage-bioenergetique.com\/"]}]},{"@type":"BreadcrumbList","@id":"https:\/\/decodage-bioenergetique.com\/#breadcrumb","itemListElement":[{"@type":"ListItem","position":1,"name":"Accueil","item":"https:\/\/decodage-bioenergetique.com\/"},{"@type":"ListItem","position":2,"name":"Accueil"}]},{"@type":"WebSite","@id":"https:\/\/decodage-bioenergetique.com\/#website","url":"https:\/\/decodage-bioenergetique.com\/","name":"decodage-bioenergetique.com","description":"","potentialAction":[{"@type":"SearchAction","target":{"@type":"EntryPoint","urlTemplate":"https:\/\/decodage-bioenergetique.com\/?s={search_term_string}"},"query-input":"required name=search_term_string"}],"inLanguage":"fr-FR"}]}},"_links":{"self":[{"href":"https:\/\/decodage-bioenergetique.com\/index.php\/wp-json\/wp\/v2\/pages\/62"}],"collection":[{"href":"https:\/\/decodage-bioenergetique.com\/index.php\/wp-json\/wp\/v2\/pages"}],"about":[{"href":"https:\/\/decodage-bioenergetique.com\/index.php\/wp-json\/wp\/v2\/types\/page"}],"author":[{"embeddable":true,"href":"https:\/\/decodage-bioenergetique.com\/index.php\/wp-json\/wp\/v2\/users\/15"}],"replies":[{"embeddable":true,"href":"https:\/\/decodage-bioenergetique.com\/index.php\/wp-json\/wp\/v2\/comments?post=62"}],"version-history":[{"count":0,"href":"https:\/\/decodage-bioenergetique.com\/index.php\/wp-json\/wp\/v2\/pages\/62\/revisions"}],"wp:attachment":[{"href":"https:\/\/decodage-bioenergetique.com\/index.php\/wp-json\/wp\/v2\/media?parent=62"}],"curies":[{"name":"wp","href":"https:\/\/api.w.org\/{rel}","templated":true}]}}